se 4
-20133000
What is 190230 (base 14) in base 6?
30540334
Convert -44dbb8 (base 15) to base 12.
-1125b0b
What is 3316709 (base 10) in base 8?
14515745
Convert -67101510 (base 8) to base 4.
-313020031020
What is 488206 (base 10) in base 2?
1110111001100001110
Convert 130030214 (base 5) to base 3.
1011211222210
101131302111 (base 4) to base 5
2133002303
1376489 (base 11) to base 14
458236
What is -12201210222 (base 3) in base 10?
-112859
Convert 340001042 (base 6) to base 16.
5df9f2
What is 1697042 (base 12) in base 7?
54521513
Convert 4c86 (base 16) to base 13.
8bbc
Convert -2c19 (base 16) to base 15.
-3529
What is -131869 (base 11) in base 12?
-9bbb0
730367 (base 9) to base 12
18a92a
-11102022233 (base 4) to base 13
-39660b
Convert -2002233323 (base 4) to base 16.
-82bfb
What is -2322420013 (base 5) in base 7?
-62605534
1013412 (base 6) to base 7
262064
4e4abc (base 15) to base 9
7063656
What is -364015 (base 7) in base 9?
-110737
-3031022221 (base 4) to base 7
-10100014
Convert -1330205 (base 9) to base 10.
-728438
4221678 (base 9) to base 10
2258270
Convert a5651 (base 14) to base 3.
202021111111
What is -11066b (base 12) in base 16?
-420b3
10110221222010 (base 3) to base 6
103350133
Convert -20712532 (base 8) to base 7.
-52434651
What is 289580 (base 11) in base 10?
451902
-12345642 (base 7) to base 13
-303276
Convert 231002301 (base 4) to base 6.
3542053
2276d (base 16) to base 14
39633
Convert 4067767 (base 10) to base 14.
77c5cb
What is -13e009e (base 15) in base 3?
-1000001110102112
Convert -205895 (base 10) to base 4.
-302101013
What is 100100010011101011 (base 2) in base 3?
21112222222
What is 4204655 (base 7) in base 14?
d252c
Convert 5972366 (base 10) to base 16.
5b218e
-12100000021001 (base 3) to base 15
-3aece7
-352556 (base 7) to base 10
-63398
What is -5019a85 (base 11) in base 10?
-8885728
4235500 (base 6) to base 5
23113244
-13105 (base 13) to base 2
-1000100111111110
Convert 2212000 (base 7) to base 15.
558d4
Convert 1040123204 (base 5) to base 14.
4315b7
Convert 30230113 (base 4) to base 2.
1100101100010111
Convert -624d6 (base 15) to base 14.
-817b3
What is 232030 (base 9) in base 5?
13424031
Convert 100010110001110010011 (base 2) to base 10.
1139603
1235314453 (base 6) to base 10
14535681
Convert 98a317 (base 12) to base 6.
123534031
What is 1101011000010011010101 (base 2) in base 15?
494378
What is -43604636 (base 8) in base 4?
-203300212132
Convert -110415160 (base 7) to base 13.
-14c23c9
What is 21225671 (base 8) in base 12?
1627449
What is 2613443 (base 7) in base 5?
41333142
-748367 (base 9) to base 11
-284973
-4614144 (base 7) to base 5
-121402132
Convert 7707411 (base 10) to base 15.
a23a26
-31470 (base 13) to base 5
-10314042
What is 1331234133 (base 5) in base 9?
6326461
-9d454 (base 14) to base 12
-165282
Convert 721a9 (base 11) to base 15.
2135e
Convert -b9b053 (base 12) to base 9.
-5474740
What is 11464774 (base 8) in base 14?
497656
What is 573320 (base 12) in base 3?
2121212111220
What is -400175 (base 8) in base 15?
-28d17
Convert -5b1d20 (base 16) to base 5.
-3012034412
Convert 3724a1 (base 14) to base 2.
111001101001000011101
Convert 2010021111 (base 4) to base 8.
2041125
What is -454049 (base 10) in base 11?
-290152
Convert 1011001100111001001110 (base 2) to base 14.
56618a
1542a (base 14) to base 5
3143313
What is -142004202 (base 5) in base 15?
-e7b52
Convert -1011031233 (base 4) to base 9.
-471803
10a6a35 (base 13) to base 5
2303033320
What is -13120223 (base 5) in base 2?
-11111100110011110
-12604544 (base 7) to base 15
-17e172
Convert 9806b (base 16) to base 8.
2300153
What is -b9211 (base 12) in base 2?
-111011100011101101
What is -f199 (base 16) in base 6?
-1154201
What is a449c (base 15) in base 14?
d7b1b
521820 (base 10) to base 9
874720
What is 112681 (base 15) in base 4?
3013300231
-1113230210 (base 4) to base 6
-11410552
What is -3987c1 (base 16) in base 5?
-1431122210
-57666 (base 10) to base 9
-87083
-31250200 (base 6) to base 2
-11011101110100011000
What is 12012212002 (base 3) in base 11?
70169
What is 104083 (base 9) in base 5?
3441130
What is -424e81 (base 16) in base 10?
-4345473
Convert 12343104 (base 5) to base 11.
83445
Convert -cb08 (base 13) to base 8.
-67107
What is -2751324 (base 9) in base 2?
-101110000101010001000
Convert -2998042 (base 10) to base 6.
-144131454
Convert -10412313322 (base 5) to base 8.
-53527232
Convert -1221203210 (base 4) to base 2.
-1101001100011100100
12032411 (base 5) to base 12
54706
What is dbcd14 (base 14) in base 16?
71acb6
Convert -3c5c (base 13) to base 3.
-102221002
203022230 (base 4) to base 8
431254
What is -153416 (base 10) in base 15?
-306cb
Convert 34534545 (base 7) to base 8.
13446001
-893170 (base 10) to base 16
-da0f2
Convert 23502054 (base 6) to base 8.
2643562
What is -2b3ea (base 16) in base 4?
-223033222
Convert 67084 (base 16) to base 13.
11a121
What is -4138e (base 15) in base 3?
-101111111222
What is 8165428 (base 10) in base 4?
133021200310
What is 2005535 (base 8) in base 10?
527197
Convert 110111001101010011010011 (base 2) to base 11.
8195370
Convert 304214011 (base 7) to base 14.
2515a78
What is -30ca9 (base 14) in base 16?
-1cbf5
What is -71537442 (base 8) in base 16?
-e6bf22
What is -6b7ba8 (base 16) in base 10?
-7044008
What is 43c3da (base 15) in base 13?
8916b8
Convert 23043544 (base 6) to base 11.
44237a
Convert -1259335 (base 11) to base 13.
-5b3bc6
What is 1072031 (base 14) in base 3?
112200111001021
What is -10077550 (base 8) in base 11?
-1225143
Convert -220203003 (base 4) to base 6.
-3320523
Convert 53b6b0 (base 15) to base 7.
45615021
Convert -377e2 (base 15) to base 14.
-48875
2323301 (base 4) to base 11
9035
e7e4c (base 15) to base 2
10110011100101101101
-1222012000201 (base 3) to base 7
-11620036
What is -436440 (base 16) in base 10?
-4416576
-10241010010 (base 5) to base 14
-16315ca
Convert -30205532 (base 6) to base 15.
-11dc45
-48296 (base 12) to base 10
-97170
-4041340011 (base 5) to base 15
-ab0856
Convert -135003 (base 8) to base 9.
-72280
Convert -a4050 (base 12) to base 7.
-1551606
What is -585772 (base 9) in base 14?
-923d8
9733f7 (base 16) to base 14
145d34b
65531 (base 12) to base 10
133813
Convert 1350533 (base 7) to base 12.
88448
What is -2d9ec (base 15) in base 14?
-3b9c8
Convert -160007 (base 12) to base 4.
-1123020013
Convert -a716a (base 14) to base 3.
-202111201022
What is e5162a (base 16) in base 8?
71213052
-21013033 (base 5) to base 12
-84079
-58db9 (base 15) to base 11
-183877
Convert -425161 (base 15) to base 4.
-30002133211
Convert -5107234 (base 8) to base 15.
-1b92a3
Convert 75265a (base 11) to base 14.
234ad1
Convert 25420162 (base 7) to base 3.
11100020020021
1011021210 (base 3) to base 2
101100100011001
Convert 15268 (base 10) to base 9.
22844
Convert -2264617 (base 8) to base 14.
-120b27
Convert -1907437 (base 11) to base 2.
-1100010100110010001101
-31cb7 (base 15) to base 11
-a8888
27703 (base 10) to base 5
1341303
What is -330203352 (base 6) in base 5?
-3002114441
31354141 (base 6) to base 9
1647137
46462 (base 11) to base 7
366430
Convert -71779 (base 12) to base 11.
-a11a9
What is 1010210100102 (base 3) in base 15?
be888
Convert 24166735 (base 8) to base 7.
63036616
724a71 (base 15) to base 6
312235311
What is 23113222 (base 4) in base 16?
b5ea
What is 2665b91 (base 12) in base 11?
4320857
700531 (base 10) to base 7
5645236
Convert 23313021031 (base 4) to base 9.
5758327
Convert -23582 (base 16) to base 4.
-203112002
What is -76b58 (base 14) in base 2?
-1000110001101111010
What is 796b5 (base 14) in base 6?
10153251
Convert 3011030 (base 7) to base 2.
1010110110110000000
What is -10b2a6 (base 12) in base 14?
-6da90
What is 8351745 (base 9) in base 2?
10001000001100011100001
22159 (base 14) to base 8
241243
-825773 (base 12) to base 5
-1010314423
-1082b44 (base 13) to base 16
-4d3be6
Convert -54b883 (base 15) to base 11.
-2309144
What is 32125 (base 16) in base 14?
54a57
Convert -3a4360 (base 12) to base 16.
-eaaf8
Convert 133226 (base 10) to base 3.
20202202022
What is 101553013 (base 7) in base 13?
13148aa
-23147 (base 12) to base 13
-18433
-14211122 (base 5) to base 13
-52298
Convert 2683380 (base 9) to base 14.
2a470a
Convert -340310240 (base 5) to base 11.
-930887
What i